t r(m) = 1240*m + 7445. Determine r(-6).
5
Let v(f) = -2*f**3 + 36*f**2 + 32*f + 96. Give v(19).
-18
Let g(t) = -2*t**3 + 6*t**2 - 19. Calculate g(3).
-19
Let c(h) = 2*h**3 + 66*h**2 + 126*h - 2. What is c(-2)?
-6
Let t(i) = 3*i**2 + 153*i + 425. Determine t(-48).
-7
Let t(i) = -106*i + 1090. Calculate t(9).
136
Let x(f) = 2*f**2 + 53*f + 52. What is x(-24)?
-68
Let l(m) = 5567*m + 61240. What is l(-11)?
3
Let b(n) = -9*n - 17. Calculate b(4).
-53
Let s(i) = 4*i**2 - 67*i + 118. Determine s(2).
0
Let d(u) = 21*u**2 - 3*u - 4. Determine d(-1).
20
Let m(r) = 2*r**2 + 56*r + 208. Calculate m(-4).
16
Let m(t) = t**2 - 76*t - 597. Give m(82).
-105
Let x(v) = v**3 - 13*v**2 + 3*v - 17. Determine x(13).
22
Let h(c) = 145*c - 204. Give h(2).
86
Let o(g) = -23*g - 102. Determine o(-19).
335
Let p(a) = 23*a**3 - 12*a**2 + 13*a - 1. Give p(1).
23
Let d(v) = 9*v**2 - 88*v + 45. Give d(14).
577
Let y(n) = -8297*n - 8299. Calculate y(-1).
-2
Let x(z) = -2*z**2 - 487*z - 5097. Determine x(-11).
18
Let z(g) = 632*g + 1793. What is z(-3)?
-103
Let w(x) = 11*x**2 + 27*x + 12. Determine w(-2).
2
Let n(h) = -2*h**3 - 15*h**2 - 14*h - 36. Give n(-6).
-60
Let d(o) = -31*o + 31. Calculate d(2).
-31
Let c(h) = -12*h + 32. Calculate c(8).
-64
Let b(f) = -f**3 - 10*f**2 - 17*f + 4. Give b(-4).
-24
Let c(x) = x**3 + 49*x**2 - 91*x + 568. Give c(-51).
7
Let r(h) = -7*h - 2. Give r(-5).
33
Let a(w) = 37*w - 187. Calculate a(5).
-2
Let l(r) = 29*r - 421. Determine l(13).
-44
Let g(u) = 25*u - 210. Give g(7).
-35
Let m(u) = 195*u + 287. Determine m(-4).
-493
Let u(r) = 11*r - 276. What is u(19)?
-67
Let u(k) = -2*k**2 - 457*k - 1582. Give u(-225).
-7
Let s(g) = 16*g**2 + 25*g - 3. Calculate s(-4).
153
Let n(l) = -26*l - 53. What is n(1)?
-79
Let r(i) = -2*i**2 + 54*i - 310. What is r(19)?
-6
Let q(h) = 1343*h**2 + 10747*h + 35. Calculate q(-8).
11
Let o(h) = 20*h - 158. What is o(30)?
442
Let n(j) = -3*j**3 + 5*j**2 + 2*j - 2. What is n(3)?
-32
Let g(z) = -3246*z + 12989. Give g(4).
5
Let b(z) = 2*z**2 + 24*z - 259. What is b(7)?
7
Let c(l) = -254*l + 1364. Give c(6).
-160
Let y(u) = u**3 - 9*u**2 + 7*u - 69. Calculate y(9).
-6
Let r(w) = 54*w + 1398. Determine r(-26).
-6
Let o(t) = 16*t**2 - 100*t + 9. Calculate o(6).
-15
Let l(d) = -10*d**3 - 9*d**2 + 3*d + 13. Determine l(-1).
11
Let v(b) = -6*b**2 - 71*b - 185. Give v(-8).
-1
Let o(z) = 7*z**2 + 2*z - 125. Calculate o(-9).
424
Let h(t) = -114*t**2 - 3078*t + 46. Calculate h(-27).
46
Let x(d) = 1493*d + 10428. Give x(-7).
-23
Let g(t) = -t**2 - 966*t - 9562. Calculate g(-10).
-2
Let q(w) = 109*w - 689. Give q(6).
-35
Let t(j) = 2*j**2 + 337*j - 4902. Calculate t(-182).
12
Let r(o) = o**3 + 3*o**2 - 2*o + 24. Determine r(-4).
16
Let f(n) = n**2 - 88*n + 205. What is f(78)?
-575
Let a(n) = -108*n - 3218. Determine a(-30).
22
Let c(j) = 68*j + 209. Give c(-4).
-63
Let z(h) = -h**3 - 24*h**2 + 50*h - 49. Give z(-26).
3
Let o(y) = -y**2 - 513*y + 50824. Determine o(85).
-6
Let b(i) = -15*i**2 - 6*i + 18. Determine b(5).
-387
Let k(b) = -b**3 + 58*b**2 + 8*b - 457. Calculate k(58).
7
Let m(w) = 2*w**3 - 113*w**2 + 56*w + 2. Calculate m(56).
2
Let v(d) = 2*d**2 - 64*d + 373. What is v(26)?
61
Let q(r) = -18*r**2 + 81*r + 79. Give q(5).
34
Let r(m) = m**3 - 13*m**2 + 197*m - 2940. Give r(14).
14
Let a(b) = -82*b - 298. Determine a(-5).
112
Let x(d) = -99*d + 387. Determine x(5).
-108
Let x(j) = j**3 - 46*j**2 - 94*j - 55. Give x(48).
41
Let t(i) = 7*i**2 - i - 188. Give t(-9).
388
Let x(d) = -217*d**3 - 2*d**2 - 1. What is x(1)?
-220
Let j(o) = 6*o**3 - 2*o**2 - 16*o - 32. Calculate j(-2).
-56
Let q(o) = 2*o**3 - 77*o**2 - 46*o - 83. Determine q(39).
-356
Let p(a) = -4095*a + 16386. Give p(4).
6
Let c(g) = -33*g + 118. Determine c(-11).
481
Let v(w) = 16*w**2 + 101*w + 37. Calculate v(-6).
7
Let o(m) = m**3 - 8*m**2 + 5*m - 1652. Calculate o(15).
-2
Let m(r) = -r**3 - 21*r**2 - 2*r + 34. What is m(-21)?
76
Let q(g) = -34*g + 195. Give q(6).
-9
Let t(w) = 3*w**3 + 137*w**2 + 241*w + 961. Calculate t(-44).
37
Let i(x) = 30*x + 545. Calculate i(-9).
275
Let a(x) = x**3 + 3*x**2 - 2*x + 482. Give a(0).
482
Let x(m) = -1473*m + 1470. Give x(1).
-3
Let k(c) = -35*c + 1045. What is k(29)?
30
Let a(j) = 552*j + 46916. Calculate a(-85).
-4
Let f(r) = -r**3 - 19*r**2 - 33*r - 7. Determine f(-3).
-52
Let o(t) = t**3 - 16*t**2 - 67*t + 1073. Give o(16).
1
Let k(z) = 2*z**3 + z**2 - 11*z - 12. Determine k(-1).
-2
Let k(s) = -2202*s + 8802. What is k(4)?
-6
Let i(u) = 4*u**2 + 40*u - 382. Give i(-16).
2
Let j(z) = z**3 + 38*z**2 - 14*z - 1899. Give j(-37).
-12
Let a(d) = -d**3 - 2*d**2 + 123*d + 42. Determine a(-12).
6
Let t(i) = 11*i + 22. Calculate t(0).
22
Let g(o) = 9*o**2 + 16*o + 34. Give g(-2).
38
Let g(b) = 2*b + 6. Give g(0).
6
Let i(o) = 13*o**2 - 39*o - 107. What is i(5)?
23
Let d(x) = x**3 - 13*x**2 + 17*x - 25. Determine d(12).
35
Let q(m) = 48*m + 1635. Calculate q(-35).
-45
Let o(v) = v**2 + 18*v + 34. Give o(-17).
17
Let z(t) = -t**3 + 5*t**2 + 16*t - 7. Calculate z(7).
7
Let p(y) = 12*y + 279. Determine p(-11).
147
Let y(x) = -516*x + 2630. Calculate y(5).
50
Let b(l) = -8*l - 232. Determine b(-19).
-80
Let v(l) = 7994*l - 47961. Give v(6).
3
Let k(u) = 963*u + 82820. Give k(-86).
2
Let r(n) = 5463*n - 21843. Calculate r(4).
9
Let x(d) = -142*d + 205. Give x(2).
-79
Let f(b) = -197*b**2 + 164*b - 158. Calculate f(1).
-191
Let i(b) = -b**2 + 58*b - 853. Determine i(30).
-13
Let o(i) = 6*i**2 - 29*i - 11. Determine o(5).
-6
Let h(o) = -3*o**2 + 74*o - 163. Determine h(22).
13
Let p(d) = -d**2 - 3261*d + 82158. What is p(25)?
8
Let u(n) = -n**3 + 39*n**2 - 59*n - 560. Give u(37).
-5
Let b(r) = 554*r**2 + 1661*r + 6. Determine b(-3).
9
Let h(b) = -23*b - 361. Determine h(-26).
237
Let r(k) = -80*k - 449. Give r(-8).
191
Let h(y) = -y**3 - 21*y**2 - 61*y - 1303. Determine h(-21).
-22
Let r(g) = -g**2 + 8*g - 36. What is r(-7)?
-141
Let p(k) = -2*k**2 + 59*k + 430. Give p(36).
-38
Let k(y) = y**3 - 9*y**2 + 5*y - 12. Calculate k(8).
-36
Let s(z) = 3*z**2 - 8*z - 33. Determine s(-3).
18
Let q(d) = -3*d**2 + 28*d + 1090. What is q(-15)?
-5
Let r(w) = 105*w - 67. What is r(5)?
458
Let d(u) = -86*u + 1302. Calculate d(15).
12
Let k(g) = g**3 + 2*g**2 - 5*g - 6. Calculate k(-6).
-120
Let d(i) = -3*i**2 + 85*i - 19. What is d(28)?
9
Let y(c) = 2*c**3 + 154*c**2 - 323*c - 556. Give y(-79).
-3
Let n(j) = j**3 + 14*j**2 + 23*j - 126. Give n(-10).
44
Let z(u) = -2*u**2 - 104*u - 1343. Calculate z(-28).
1
Let t(h) = 5*h**2 - 3*h - 18. Calculate t(-3).
36
Let b(s) = -622*s - 4982. Determine b(-8).
-6
Let u(x) = x**2 + 227*x + 11236. Determine u(-73).
-6
Let k(y) = 3*y**2 + 101*y - 9203. Give k(41).
-19
Let z(o) = -o**3 - 21*o**2 + 31*o + 193. Determine z(-22).
-5
Let w(t) = -566*t + 10748. Give w(19).
-6
Let n(b) = -b**3 - 26*b**2 - 10*b + 236. Determine n(-27).
1235
Let k(u) = u**3 - 24*u**2 + 348*u - 3530. What is k(16)?
-10
Let v(f) = 3*f**3 + 4*f**2 - 51*f - 156. Determine v(-5).
-176
Let t(z) = 1444*z - 251262. Calculate t(174).
-6
Let d(n) = -473*n + 1027. Calculate d(3).
-392
Let t(r) = -80*r - 926. Determine t(-8).
-286
Let l(u) = -3*u**2 - 56*u - 32. Calculate l(-16).
96
Let f(h) = -h**3 - 8*h**2 - 59*h - 475. What is f(-8)?
-3
Let v(q) = 14*q**2 + 129*q + 151. Give v(-8).
15
Let y(t) = t**3 + 18*t**2 - 41*t + 58. Give y(-20).
78
Let p(b) = -b**3 + 4*b**2 + 10*b - 6. Give p(5).
19
Let f(a) = -a**3 + 44*a**2 - 185*a - 47. Determine f(5).
3
Let h(z) = 896*z + 38526. Give h(-43).
-2
Let t(z) = -566*z - 64521. Calculate t(-114).
3
Let k(a) = -a**2 + 178*a - 2597. Determine k(162).
-5
Let j(h) = -6*h**2 - 442*h + 136. Give j(-74).
-12
Let o(w) = 3*w**3 + w**2 + 16*w + 96. What is o(0)?
96
Let s(d) = 3*d**2 - d + 2. Determine s(3).
26
Let b(r) = -2*r**3 + 41*r**2 - 9*r + 7. Give b(20).
227
Let l(y) = -2*y**2 + 70*y - 72. Calculate l(1).
-4
Let a(p) = -55*p - 655. Give a(-12).
5
Let f(s) = 6*s**2 + 28*s - 7. Determine f(-4).
-23
Let r(f) = -13*f**2 - 72*f + 24. Determine r(-9).
-381
Let p(c) = -338*c + 7776. Determine p(23).
2
Let l(o) = 2*o**2 + 286*o + 1900. Calculate l(-136).
-4
Let p(s) = 11*s**2 - 153*s - 20. Give p(14).
-6
Let b(j) = 406*j - 18686. Determine b(46).
-10
Let g(x) = -x**3 - 7*x**2 + 34*x + 18. Determine g(7).
-430
Le